{"id":1073,"date":"2022-12-17T14:50:09","date_gmt":"2022-12-17T14:50:09","guid":{"rendered":"https:\/\/academiabrujalunar.com\/index.php\/producto\/pasta-de-dientes-natural-comprimidos\/"},"modified":"2022-12-17T14:50:09","modified_gmt":"2022-12-17T14:50:09","slug":"pasta-de-dientes-natural-comprimidos","status":"publish","type":"product","link":"https:\/\/academiabrujalunar.com\/index.php\/producto\/pasta-de-dientes-natural-comprimidos\/","title":{"rendered":"Pasta de dientes natural comprimidos"},"content":{"rendered":"<p>Nuestra pasta de dientes natural comprimidos esta realizada con arcilla org\u00e1nica, aceite de coco, xilitol y aceites esenciales de menta, eucalipto, clavo de olor y  canela. Adem\u00e1s ayuda a eliminar las bacterias, desinflama y cura las enc\u00edas. Mientras cuida el esmalte de tus dientes.<br \/>\nUna pastilla equivale a un lavado<br \/>\nContiene:<br \/>\n-xilitol:edulcorante natural extraido de la corteza de abedul, endulza a su vez que favorece la desindecci\u00f3n bucal, previene las caries y contribuye a regular el ph de la boca de manera saludable. Apto diab\u00e9ticos<br \/>\n&#8211; Canela- antibacterial y  desinflamotorio.elimina los microorganismos que producen las caries, combate la halitosis y afecciones perioodontales<br \/>\n-Clavo de olor: posee propiedades antibacterianas y antiinfecciosas, adem\u00e1s act\u00faa como analg\u00e9sico local. Ayuda a combatir el mal aliento y regenerar las enc\u00edas.<\/p>\n<p>Nuestra pasta de dientes natural es apta vegan. Puede utilizarse todos los d\u00edas sin inconvenientes.<\/p>\n<p>Cada comprimido equivale a 2 usos. Su presentaci\u00f3n de 50 unidades rinde 100 aplicaciones!!.<\/p>\n<!-- AddThis Advanced Settings generic via filter on the_content --><!-- AddThis Share Buttons generic via filter on the_content -->","protected":false},"excerpt":{"rendered":"<p>Nuestra pasta de dientes natural comprimidos esta realizada con arcilla org\u00e1nica, aceite de coco, xilitol y aceites esenciales de menta, eucalipto, clavo de olor y canela. Adem\u00e1s ayuda a eliminar las bacterias, desinflama y cura las enc\u00edas. Mientras cuida el esmalte de tus dientes. Una pastilla equivale a un lavado Contiene: -xilitol:edulcorante natural extraido de [&hellip;]<!-- AddThis Advanced Settings generic via filter on get_the_excerpt --><!-- AddThis Share Buttons generic via filter on get_the_excerpt --><\/p>\n","protected":false},"featured_media":0,"comment_status":"open","ping_status":"closed","template":"","meta":{"om_disable_all_campaigns":false,"_mi_skip_tracking":false,"spay_email":"","jetpack_publicize_message":"","jetpack_is_tweetstorm":false,"jetpack_publicize_feature_enabled":true},"product_cat":[24],"product_tag":[],"class_list":["post-1073","product","type-product","status-publish","hentry","product_cat-sin-categorizar"],"_links":{"self":[{"href":"https:\/\/academiabrujalunar.com\/index.php\/wp-json\/wp\/v2\/product\/1073","targetHints":{"allow":["GET"]}}],"collection":[{"href":"https:\/\/academiabrujalunar.com\/index.php\/wp-json\/wp\/v2\/product"}],"about":[{"href":"https:\/\/academiabrujalunar.com\/index.php\/wp-json\/wp\/v2\/types\/product"}],"replies":[{"embeddable":true,"href":"https:\/\/academiabrujalunar.com\/index.php\/wp-json\/wp\/v2\/comments?post=1073"}],"wp:attachment":[{"href":"https:\/\/academiabrujalunar.com\/index.php\/wp-json\/wp\/v2\/media?parent=1073"}],"wp:term":[{"taxonomy":"product_cat","embeddable":true,"href":"https:\/\/academiabrujalunar.com\/index.php\/wp-json\/wp\/v2\/product_cat?post=1073"},{"taxonomy":"product_tag","embeddable":true,"href":"https:\/\/academiabrujalunar.com\/index.php\/wp-json\/wp\/v2\/product_tag?post=1073"}],"curies":[{"name":"wp","href":"https:\/\/api.w.org\/{rel}","templated":true}]}}