{"id":544,"date":"2022-02-25T22:04:40","date_gmt":"2022-02-25T22:04:40","guid":{"rendered":"https:\/\/academiabrujalunar.com\/?post_type=product&#038;p=544"},"modified":"2022-03-01T22:41:13","modified_gmt":"2022-03-01T22:41:13","slug":"tintura-madre-de-equinacea","status":"publish","type":"product","link":"https:\/\/academiabrujalunar.com\/index.php\/producto\/tintura-madre-de-equinacea\/","title":{"rendered":"Tintura madre de equinacea"},"content":{"rendered":"<p style=\"text-align: center;\">La tintura madre de equinacea es considerada en la medicina china como hierba yang, esto quiere decir que propicia y activa la energ\u00eda del organismo. Se utiliza principalmente por su gran capacidad para activar la producci\u00f3n de gl\u00f3bulos blancos en el organismo. Adem\u00e1s sus propiedades como bactericida, antiviral y antimicrobiana la hacen indispensable en botiqu\u00edn medicinal.<\/p>\n<p style=\"text-align: center;\">Propiedades:<\/p>\n<ul style=\"text-align: center;\">\n<li>Levanta las defensas<\/li>\n<li>Bactericida<\/li>\n<li>Antimicrobiana<\/li>\n<li>Antiviral<\/li>\n<li>Antiinflamatoria<\/li>\n<li>Estimula la producci\u00f3n de gl\u00f3bulos blancos<\/li>\n<\/ul>\n<p style=\"text-align: center;\">Es indicada en casos de:<\/p>\n<ul style=\"text-align: center;\">\n<li>Gripe<\/li>\n<li>Resfriado<\/li>\n<li>Bronquitis<\/li>\n<li>Sinusitis<\/li>\n<li>Enfermedades pulmonares como epoc<\/li>\n<li>Infecciones urinarias<\/li>\n<li>Infecciones vaginales<\/li>\n<li>Enfermedades ven\u00e9reas<\/li>\n<li>Herpes<\/li>\n<li>Orzuelo<\/li>\n<li>Debilidad corporal<\/li>\n<li>Complemento en el tratamiento del SIDA<\/li>\n<li>Complemento luego de quimioterapia y otros tratamientos para el c\u00e1ncer<\/li>\n<\/ul>\n<p style=\"text-align: center;\">Si sueles tener afecciones respiratorias te puede interesar la <a href=\"https:\/\/www.brujerlunar.com\/producto\/tintura-madre-de-tomillo\/\">Tintura Madre de Tomillo<\/a> o la <a href=\"https:\/\/www.brujerlunar.com\/producto\/tintura-madre-de-ventisca\/\">Tintura Madre Ventisca<\/a>.<br \/>\nLas tinturas madres son extracto medicinales de hierbas que se utilizan v\u00eda interna, es decir que se toman. Se deben disolver previamente en media taza de agua hirviendo, luego esperar a que se enfri\u00e9 y finalmente tomar. La cantidad de gotas a tomar depender\u00e1 del peso de la persona y de la afecci\u00f3n que presente.<\/p>\n<p style=\"text-align: center;\"><img loading=\"lazy\" decoding=\"async\" class=\"alignnone wp-image-1882 size-medium\" src=\"http:\/\/www.brujerlunar.com\/wp-content\/uploads\/2020\/04\/Tintura-Equinacea-300x100.png\" alt=\"Las tinturas madres son extractos medicinales\" width=\"300\" height=\"100\" \/><\/p>\n<p style=\"text-align: center;\">Si tienes dudas sobre la tintura madre de equinacea o quieres consultar sobre su administraci\u00f3n, no dudes en contactarte con nosotras.<\/p>\n<p style=\"text-align: center;\">[contact-form-7 404 \"No encontrado\"]<\/p>\n<!-- AddThis Advanced Settings generic via filter on the_content --><!-- AddThis Share Buttons generic via filter on the_content -->","protected":false},"excerpt":{"rendered":"<p>La tintura madre de equinacea es considerada en la medicina china como hierba yang, esto quiere decir que propicia y activa la energ\u00eda del organismo. Se utiliza principalmente por su gran capacidad para activar la producci\u00f3n de gl\u00f3bulos blancos en el organismo. Adem\u00e1s sus propiedades como bactericida, antiviral y antimicrobiana la hacen indispensable en botiqu\u00edn [&hellip;]<!-- AddThis Advanced Settings generic via filter on get_the_excerpt --><!-- AddThis Share Buttons generic via filter on get_the_excerpt --><\/p>\n","protected":false},"featured_media":580,"comment_status":"open","ping_status":"closed","template":"","meta":{"om_disable_all_campaigns":false,"_mi_skip_tracking":false,"spay_email":"","jetpack_publicize_message":"","jetpack_is_tweetstorm":false,"jetpack_publicize_feature_enabled":true},"product_cat":[44],"product_tag":[],"class_list":["post-544","product","type-product","status-publish","has-post-thumbnail","hentry","product_cat-medicinales"],"_links":{"self":[{"href":"https:\/\/academiabrujalunar.com\/index.php\/wp-json\/wp\/v2\/product\/544","targetHints":{"allow":["GET"]}}],"collection":[{"href":"https:\/\/academiabrujalunar.com\/index.php\/wp-json\/wp\/v2\/product"}],"about":[{"href":"https:\/\/academiabrujalunar.com\/index.php\/wp-json\/wp\/v2\/types\/product"}],"replies":[{"embeddable":true,"href":"https:\/\/academiabrujalunar.com\/index.php\/wp-json\/wp\/v2\/comments?post=544"}],"wp:featuredmedia":[{"embeddable":true,"href":"https:\/\/academiabrujalunar.com\/index.php\/wp-json\/wp\/v2\/media\/580"}],"wp:attachment":[{"href":"https:\/\/academiabrujalunar.com\/index.php\/wp-json\/wp\/v2\/media?parent=544"}],"wp:term":[{"taxonomy":"product_cat","embeddable":true,"href":"https:\/\/academiabrujalunar.com\/index.php\/wp-json\/wp\/v2\/product_cat?post=544"},{"taxonomy":"product_tag","embeddable":true,"href":"https:\/\/academiabrujalunar.com\/index.php\/wp-json\/wp\/v2\/product_tag?post=544"}],"curies":[{"name":"wp","href":"https:\/\/api.w.org\/{rel}","templated":true}]}}